5969. Determine m(46).
-11
Let r(n) = 4*n**3 + 17*n**2 + 150*n - 166. Determine r(1).
5
Let d(h) = -70*h - 665. Give d(-10).
35
Let g(h) = -268*h - 1604. What is g(-6)?
4
Let b(r) = -104*r**2 - 519*r + 6. Calculate b(-5).
1
Let m(y) = -2*y**3 + 24*y**2 + 3*y - 45. Give m(12).
-9
Let v(n) = -2*n**3 + 44*n**2 + 52*n - 99. Determine v(23).
39
Let o(c) = 38*c - 2339. Give o(61).
-21
Let g(o) = o**3 + 54*o**2 - 649*o - 611. Give g(-64).
-35
Let h(c) = c**3 + 61*c**2 - 194*c - 131. What is h(-64)?
-3
Let w(c) = 2*c**3 - 17*c**2 + 72*c - 156. Calculate w(4).
-12
Let f(y) = 303*y**2 - 247*y + 248. Calculate f(1).
304
Let q(m) = 40*m**2 + 25*m - 85. What is q(3)?
350
Let d(j) = 31*j + 147. Calculate d(-6).
-39
Let j(s) = 2*s**3 - 12*s**2 - 27*s + 109. Give j(8).
149
Let y(u) = 2*u**2 - 214*u - 15274. Determine y(-49).
14
Let m(d) = -2*d**2 + 94*d - 982. Give m(31).
10
Let c(b) = b**2 - 52*b - 161. Give c(-3).
4
Let n(k) = -43*k - 5240. Give n(-122).
6
Let r(g) = -15*g**3 - 2*g**2 + g - 194. What is r(0)?
-194
Let c(t) = -2*t**2 - 12*t + 90. Give c(7).
-92
Let l(t) = 7*t**2 + 82*t + 236. Calculate l(-6).
-4
Let l(z) = 5*z**2 + 39*z + 14. Give l(-7).
-14
Let c(l) = -43*l + 608. Calculate c(14).
6
Let y(x) = -x**3 - 11*x**2 + x + 65. Give y(-9).
-106
Let h(q) = -200*q + 1181. Calculate h(6).
-19
Let k(f) = 4*f**3 - 13*f**2 + 40*f + 3. Give k(3).
114
Let x(j) = j**2 - 42*j + 86. What is x(40)?
6
Let z(a) = -289*a - 9832. Calculate z(-34).
-6
Let x(z) = -z**3 + 7*z**2 - 260*z + 1265. What is x(5)?
15
Let d(r) = -2*r**3 - 38*r**2 - 1. Calculate d(-19).
-1
Let l(x) = -x**3 + 23*x**2 - 72*x + 240. Calculate l(20).
0
Let n(c) = -21*c - 33. What is n(11)?
-264
Let k(q) = -q**3 + 66*q**2 + 59*q + 546. Calculate k(67).
10
Let j(d) = -2483*d + 32278. What is j(13)?
-1
Let k(g) = 71*g + 713. Determine k(-10).
3
Let i(u) = 2*u**2 - 1229*u + 9713. Give i(8).
9
Let d(h) = -3*h**2 - 139*h - 418. Give d(-43).
12
Let z(j) = j**2 - 64*j + 188. Determine z(61).
5
Let a(q) = -28*q - 21. Determine a(3).
-105
Let z(w) = -28*w + 1813. What is z(68)?
-91
Let d(j) = -2*j**3 + 62*j**2 - j + 47. Calculate d(31).
16
Let u(t) = -t**2 + 220*t - 5700. What is u(29)?
-161
Let w(o) = 235*o**2 - 124*o + 250. What is w(2)?
942
Let c(f) = f**3 + 49*f**2 + 582*f + 38. Determine c(-20).
-2
Let d(s) = -s**3 - 7*s**2 + 3*s + 19. Calculate d(-6).
-35
Let h(x) = 10*x**3 - 49*x**2 - 2*x - 20. Calculate h(5).
-5
Let i(d) = 55*d**3 + 36*d**2 - 2*d - 3. Give i(-2).
-295
Let b(i) = 6*i**2 + 14*i - 16. Determine b(-4).
24
Let s(x) = -x**3 - 28*x**2 + 96*x + 95. What is s(-31)?
2
Let p(g) = 28*g**2 - 1597*g + 31. Give p(57).
-26
Let j(t) = -22*t + 183. Give j(11).
-59
Let k(z) = -2*z**2 - 27*z - 17. What is k(-8)?
71
Let s(t) = 18*t + 664. Give s(-14).
412
Let g(r) = 153*r - 12. Determine g(-2).
-318
Let x(j) = -22*j**2 + 76*j - 42. What is x(6)?
-378
Let o(w) = -2*w**3 + 76*w**2 - 557*w - 41. Determine o(28).
43
Let z(f) = 145*f**3 + f**2 + 2*f. Determine z(-1).
-146
Let t(d) = -2*d**3 - 41*d**2 + 349*d - 83. What is t(-27)?
-29
Let k(p) = -22*p + 451. What is k(20)?
11
Let o(t) = 53*t - 140. Calculate o(3).
19
Let y(g) = -g**2 - 104*g + 2765. Calculate y(22).
-7
Let o(x) = -6917*x - 82990. Give o(-12).
14
Let z(y) = -13*y**3 + 2*y**2 + 6*y - 3. Calculate z(-2).
97
Let d(k) = -k**3 + 5*k**2 + 9*k - 8. Calculate d(6).
10
Let b(x) = x**3 - 73*x**2 + 124*x + 1282. What is b(71)?
4
Let z(x) = -229*x - 13518. Determine z(-59).
-7
Let h(k) = -32*k - 28. Calculate h(0).
-28
Let r(v) = -25*v - 923. Determine r(-37).
2
Let g(z) = 97*z - 2033. Give g(20).
-93
Let a(v) = v**3 + 20*v**2 - 26*v - 112. Calculate a(-21).
-7
Let t(h) = -3*h**3 + 199*h**2 + 133*h + 68. Give t(67).
1
Let t(f) = -21*f - 247. What is t(-9)?
-58
Let m(y) = y**2 - 43*y + 201. Determine m(32).
-151
Let s(r) = -144*r - 721. Give s(-5).
-1
Let h(n) = n**3 - 66*n**2 + 3*n - 131. Determine h(66).
67
Let q(r) = 4*r**2 + 1987*r + 9843. What is q(-5)?
8
Let o(r) = -12*r + 87. What is o(9)?
-21
Let r(f) = -9*f**3 - 22*f**2 - 2*f - 1. What is r(-5)?
584
Let f(g) = g**2 + 26*g + 206. What is f(-16)?
46
Let l(o) = -o**3 - 19*o**2 + 42*o + 15. Calculate l(-21).
15
Let s(w) = -22*w**2 - 486*w - 40. Determine s(-22).
4
Let p(q) = -71*q + 6233. What is p(88)?
-15
Let c(l) = -8*l + 38. What is c(14)?
-74
Let v(y) = 7*y**2 - 18*y - 33. Give v(-2).
31
Let q(d) = -9*d**2 + 247*d + 128. Determine q(28).
-12
Let x(i) = -i**3 - 6*i**2 - 4*i - 6. What is x(-6)?
18
Let m(x) = x**3 + 6*x**2 - 8*x + 5. Calculate m(1).
4
Let y(s) = -31*s - 330. What is y(-10)?
-20
Let r(u) = u**2 - 6*u - 19. Determine r(13).
72
Let a(k) = -k**2 - 18*k + 579. What is a(17)?
-16
Let r(y) = 1335*y - 12008. Determine r(9).
7
Let q(f) = 7*f**2 - 7*f + 8. Determine q(5).
148
Let k(l) = l**2 + 5*l - 10. Determine k(6).
56
Let z(l) = 33*l**3 + 5*l**2 - 4*l + 16. What is z(2)?
292
Let m(q) = 2*q**3 - 179*q**2 + 2466*q - 12. Determine m(17).
5
Let j(p) = -300*p + 3943. What is j(13)?
43
Let q(c) = 23*c**2 - 151*c - 67. What is q(7)?
3
Let y(m) = 111*m**2 + 62*m - 10. Give y(-1).
39
Let m(u) = u**2 - 32*u + 184. Determine m(8).
-8
Let w(j) = 322*j + 35428. Calculate w(-110).
8
Let z(p) = p**2 + 3*p - 1. What is z(8)?
87
Let v(d) = -4*d**3 - 84*d**2 - 9*d - 197. Give v(-21).
-8
Let u(x) = -5*x**3 - 111*x**2 - 16*x + 20. What is u(-22)?
-112
Let d(t) = 15*t**2 + 1235*t - 839. Determine d(-83).
-9
Let d(u) = -13*u + 95. Calculate d(7).
4
Let u(n) = n**3 + 16*n**2 + 5*n - 150. What is u(-15)?
0
Let z(g) = g**2 - 79*g + 460. What is z(6)?
22
Let k(n) = -10*n - 416. Determine k(-45).
34
Let k(o) = -2*o**3 - 33*o**2 + 18*o + 78. What is k(-17)?
61
Let s(g) = 5*g**2 - 270*g + 1412. Give s(48).
-28
Let a(w) = -67*w**2 - 68*w + 4. Determine a(-2).
-128
Let s(t) = -2*t**3 + 222*t**2 - 221*t + 105. Calculate s(110).
-5
Let v(w) = -w**2 - 43*w + 66. Calculate v(-47).
-122
Let g(o) = -3*o**3 + 55*o**2 + 103*o - 61. Give g(20).
-1
Let u(h) = -h**3 + 11*h**2 - 7*h - 148. What is u(7)?
-1
Let o(l) = 440*l**2 + 1758*l - 11. Give o(-4).
-3
Let x(k) = 170*k - 190. Give x(3).
320
Let d(p) = -2*p**3 + 16*p**2 + 23*p + 18. What is d(-4)?
310
Let t(v) = v**2 + 68*v + 1048. Give t(-26).
-44
Let f(g) = 46*g - 497. What is f(11)?
9
Let i(q) = q**3 + 8*q**2 - 47*q - 373. Give i(-7).
5
Let s(z) = 288*z - 1152. Give s(4).
0
Let f(z) = 8*z**2 - 116*z - 50. Calculate f(15).
10
Let y(w) = -1165*w - 8160. What is y(-7)?
-5
Let b(o) = o**3 - 29*o**2 - 3*o - 97. What is b(30)?
713
Let s(v) = -3*v**2 + 1130*v - 5530. Determine s(5).
45
Let f(s) = -2*s**2 + 199*s - 4943. Give f(50).
7
Let m(x) = -x**2 + 437*x - 5924. Determine m(14).
-2
Let k(t) = t**3 + 65*t**2 - 11*t - 776. Calculate k(-65).
-61
Let p(k) = 200*k + 3859. Calculate p(-19).
59
Let h(t) = 14*t**2 + 436*t - 388. Give h(-32).
-4
Let m(h) = -39*h**3 - 9*h**2 + 23*h - 13. Calculate m(1).
-38
Let j(a) = 4147*a - 95378. Determine j(23).
3
Let n(w) = -w**2 - 5*w + 122. Determine n(-17).
-82
Let r(y) = 6*y**2 - 171*y + 1009. Give r(8).
25
Let r(p) = 2*p**3 + 18*p**2 + 545*p + 4243. Determine r(-8).
11
Let w(o) = 3*o**2 + 2*o + 43. Calculate w(-13).
524
Let c(y) = 595*y - 47056. Give c(79).
-51
Let s(c) = 91*c + 28. Determine s(0).
28
Let h(k) = -574*k**2 + 569*k - 1. What is h(1)?
-6
Let g(t) = -t**2 - 62*t + 5445. Determine g(-111).
6
Let l(q) = -71*q + 779. Determine l(15).
-286
Let l(n) = -2*n**2 - 39*n + 7. Determine l(-12).
187
Let n(j) = j**2 + 21*j + 240. What is n(-22)?
262
Let q(n) = -n**2 + 161*n - 5729. Determine q(108).
-5
Let b(r) = 186*r - 4101. Give b(22).
-9
Let f(s) = 2*s**2 + 14*s - 3. Calculate f(-9).
33
Let j(r) = -12*r - 890. Determine j(-56).
-218
Let b(s) = -s**2 - 116*s - 563. What is b(-5)?
-8
Let x(b) = 3*b**3 + 9*b**2 - 37*b + 81. Give x(-6).
-21
Let b(w) = -w**2 - 297*w + 3993. Determine b(13).
-37
Let s(v) = v**2 - 38*v + 223. What is s(7)?
6
Let z(r) = -451*r**3 - 8*r**2 + 12*r - 5. Calculate z(1).
-452
Let x(k) = -k**3 + 60*k**2 + 457*k + 789. Determine x(67).
-15
Let k(f) = -f**3 + 5*f**2 + 52*f - 14. Give k(10).
6
Let z(f) = 139*f - 9867. Determine z(71).
2
Let v(f) = f**3 - 34*f**2 - 161*f - 29. Calculate v(-4).
7
Let v(k) = k**2 + 25*k + 160. Give v(-16).
16
Let w(s) = 58*s + 26. Calculate w(2).
142
Let a(m) = -m**2 - 13*m + 16. Give a(